 greatest common factor of 280 and 239480.
40
What is the highest common factor of 9112 and 54128?
136
Calculate the greatest common factor of 34181 and 57.
19
Calculate the greatest common factor of 15250 and 366.
122
Calculate the greatest common factor of 2855 and 1.
1
Calculate the highest common factor of 2 and 13103.
1
What is the greatest common factor of 31682 and 27594?
1022
Calculate the highest common divisor of 5002 and 6283.
61
Calculate the highest common divisor of 21105 and 97552.
469
What is the greatest common divisor of 64616 and 11426?
394
What is the highest common factor of 208764 and 90?
18
Calculate the highest common factor of 10 and 91265.
5
What is the greatest common divisor of 693 and 128403?
99
What is the greatest common factor of 391 and 232985?
17
What is the highest common factor of 87880 and 56?
8
What is the highest common divisor of 96 and 7692?
12
What is the highest common factor of 2656483 and 2558?
1279
Calculate the greatest common divisor of 2098 and 8.
2
Calculate the highest common factor of 79667 and 1197.
133
Calculate the greatest common factor of 14576641 and 23.
23
What is the highest common divisor of 3417 and 14127?
51
What is the greatest common factor of 780 and 589940?
260
What is the highest common factor of 160 and 428380?
20
Calculate the highest common factor of 4120 and 13802.
206
Calculate the highest common divisor of 1 and 12033.
1
Calculate the highest common divisor of 188 and 2112.
4
Calculate the greatest common divisor of 3770 and 24128.
754
Calculate the greatest common factor of 6489 and 7083.
9
Calculate the greatest common divisor of 444163 and 209.
19
What is the highest common divisor of 214 and 236042?
214
What is the highest common factor of 405 and 179865?
45
Calculate the highest common factor of 4 and 644204.
4
Calculate the greatest common factor of 502665 and 184.
23
What is the greatest common divisor of 3153013 and 1447?
1447
What is the highest common factor of 202974 and 6?
6
Calculate the highest common factor of 19074 and 13596.
66
What is the greatest common factor of 60269 and 88?
11
Calculate the highest common divisor of 338 and 30251.
169
Calculate the highest common factor of 27110665 and 85.
85
What is the greatest common divisor of 5544 and 32424?
168
What is the greatest common factor of 7194 and 220398?
654
Calculate the highest common divisor of 71914 and 246.
82
Calculate the greatest common factor of 1764 and 6860.
196
What is the highest common divisor of 4960 and 136152?
248
Calculate the highest common divisor of 522 and 2349.
261
What is the greatest common divisor of 328 and 472812?
164
Calculate the highest common divisor of 405740 and 120.
20
Calculate the highest common factor of 356565 and 330.
165
Calculate the highest common factor of 356990 and 40.
10
Calculate the highest common divisor of 1003 and 183077.
59
What is the highest common factor of 189334 and 37314?
1382
What is the greatest common factor of 98649 and 91530?
1017
Calculate the highest common divisor of 91 and 3234049.
91
Calculate the highest common factor of 16 and 322320.
16
What is the highest common factor of 19228 and 25300?
1012
Calculate the greatest common factor of 113427 and 243.
27
Calculate the highest common divisor of 61070 and 4805.
155
Calculate the greatest common factor of 2120 and 66356.
212
Calculate the greatest common factor of 1079247 and 78.
39
Calculate the greatest common divisor of 570 and 176035.
95
What is the greatest common factor of 60 and 148905?
15
Calculate the greatest common divisor of 627 and 3828.
33
Calculate the highest common divisor of 268576 and 462.
154
What is the highest common factor of 780096 and 192?
192
What is the greatest common divisor of 54 and 12486?
6
What is the greatest common divisor of 180888 and 56?
8
What is the greatest common factor of 40 and 2900740?
20
What is the highest common divisor of 1245824 and 48?
16
Calculate the highest common divisor of 149847 and 63.
3
What is the highest common factor of 389574 and 1242?
414
Calculate the highest common divisor of 1926 and 1712.
214
Calculate the highest common factor of 258 and 1104326.
86
Calculate the greatest common divisor of 160 and 332768.
32
What is the highest common divisor of 137184 and 4?
4
What is the greatest common divisor of 14 and 437122?
14
Calculate the greatest common factor of 8856 and 189.
27
What is the highest common factor of 14 and 9114?
14
What is the highest common divisor of 2200 and 3776300?
1100
Calculate the greatest common divisor of 616 and 95788.
308
Calculate the highest common divisor of 1 and 22321.
1
Calculate the greatest common divisor of 9212 and 44492.
196
Calculate the highest common factor of 79382 and 266.
38
Calculate the greatest common factor of 46 and 1013472.
46
Calculate the highest common divisor of 225010 and 20.
10
What is the highest common factor of 60 and 224655?
15
What is the highest common divisor of 3961 and 153?
17
What is the highest common factor of 69 and 211416?
69
What is the highest common divisor of 1224 and 28872?
72
Calculate the highest common divisor of 7152 and 21009.
447
What is the greatest common divisor of 4347 and 135?
27
Calculate the greatest common factor of 49784 and 7840.
392
Calculate the highest common divisor of 60833 and 1905.
127
Calculate the greatest common divisor of 3 and 28156.
1
Calculate the greatest common divisor of 224 and 3752.
56
Calculate the highest common divisor of 1963140 and 48.
12
Calculate the greatest common factor of 4875 and 2300.
25
Calculate the greatest common factor of 57236 and 1312.
164
Calculate the greatest common factor of 90 and 10215.
45
Calculate the greatest common factor of 720 and 439740.
180
Calculate the greatest common factor of 77 and 1554.
7
What is the highest common factor of 54905 and 42265?
395
What is the greatest common divisor of 4564 and 196?
28
What is the greatest common divisor of 2129494 and 866?
866
Calculate the greatest common factor of 27713 and 11137.
259
Calculate the highest common factor of 9 and 77757.
3
Calculate the greatest common factor of 2136 and 229798.
178
What is the highest common divisor of 959242 and 6974?
634
What is the greatest common divisor of 1539 and 2076111?
1539
What is the greatest common factor of 253396 and 1144?
572
Calculate the greatest common factor of 296 and 604672.
8
What is the greatest common factor of 862505 and 595?
35
What is the greatest common factor of 143156 and 364?
52
Calculate the highest common factor of 166906 and 323.
17
Calculate the highest common divisor of 266 and 401736.
38
Calculate the greatest common factor of 16 and 118672.
16
What is the greatest common divisor of 1870246 and 266?
266
Calculate the highest common factor of 446182 and 238.
34
What is the greatest common divisor of 1420 and 5190?
10
What is the greatest common factor of 21428 and 1364?
44
What is the greatest common divisor of 284179 and 7?
7
Calculate the highest common factor of 294 and 307083.
147
Calculate the highest common factor of 69828 and 88.
44
What is the highest common factor of 2179080 and 72?
72
What is the greatest common factor of 187 and 104973?
11
What is the greatest common divisor of 401 and 84611?
401
What is the greatest common divisor of 252 and 1316?
28
What is the greatest common factor of 208164 and 4389?
627
What is the greatest common factor of 10241 and 208278?
133
What is the greatest common factor of 5900 and 413?
59
What is the greatest common factor of 423 and 738?
9
Calculate the greatest common divisor of 8277 and 1335.
267
What is the greatest common divisor of 916 and 1567276?
916
What is the greatest common factor of 1529 and 352?
11
Calculate the highest common divisor of 2296588 and 28.
28
What is the greatest common factor of 3604 and 6572?
212
What is the highest common factor of 184574 and 39?
13
What is the highest common factor of 95215 and 16819?
139
What is the highest common factor of 31621 and 2456?
307
What is the highest common divisor of 11178 and 1789722?
1242
What is the highest common factor of 19616 and 64?
32
Calculate the highest common divisor of 3298 and 33116.
34
Calculate the highest common factor of 8 and 3166.
2
What 